w(x).
6
Let h(a) = 2305*a + 11593. What is the remainder when 44675 is divided by h(-5)?
67
Suppose -4*n - 2*j = -0*j - 448, 0 = -3*n - 5*j + 350. Let w be 2/5 + (-2746)/30*-3. Let l = w + -261. What is the remainder when n is divided by l?
12
Suppose -1128 = -k - 2*z, -2*z - 4562 = -111*k + 107*k. What is the remainder when k is divided by 64?
50
Suppose 486*s = 489*s - 252. Let u be 1/((-2)/36*2). Let v = u - -24. Calculate the remainder when s is divided by v.
9
Suppose 100*x - 94*x - 120 = 0. Suppose 0 = x*z - 750 - 430. What is the remainder when z is divided by 10?
9
Let s(d) = d**2 - 25*d - 502. Calculate the remainder when 2249 is divided by s(-15).
93
Let f(w) = -14332*w - 2*w**3 + 14331*w + 64*w**3. Calculate the remainder when f(1) is divided by 14/1 + (-6)/(-3).
13
Let d be 0 + 1/((6 - 5)/(-4)). What is the remainder when (d + -1 - -7)*32 is divided by 14?
8
Let c = 31629 - 31601. Calculate the remainder when 432 is divided by c.
12
Let r(f) be the first derivative of -f**4/2 - 8*f**3/3 - 5*f**2/2 - 9*f - 67. Calculate the remainder when r(-6) is divided by (-28)/(-6)*(-6 - -12).
25
Let u = 2304 - 2295. What is the remainder when 34 is divided by u?
7
Let a = 3 + -2. Let s = 14 + a. What is the remainder when 71 is divided by s?
11
Let b be ((-9)/18)/(1/(-4)). Suppose b*i = -i. Suppose -2*p + i*p + 15 = w, 15 = 3*p - w. What is the remainder when 14 is divided by p?
2
Let t be (-1880)/(-12) + -3 + (-10)/(-3). Let r = t + -141. Calculate the remainder when 23 is divided by r.
7
Suppose -a + 621 = 3*i + 2*a, 5*i + a - 1027 = 0. Suppose 0 = -o - 2*u + 100, -3*u - 2 = 2*o - i. What is the remainder when o is divided by 6?
4
What is the remainder when 619 is divided by 67 - 7*4/7?
52
Let h(l) = 60*l**2 + 27*l - 26. Calculate the remainder when 222 is divided by h(1).
39
Suppose 0 = 2*v - 130 - 24. Suppose 8*m - 19 - v = 0. Suppose 3*o = -m, -6*o - 366 = -2*k - o. What is the remainder when k is divided by 25?
23
Let m be (7 - 7)*(-1)/(-4). Suppose m = 3*i - 4*y - 126 - 223, -5*i + 589 = -3*y. Let l = i + -113. Calculate the remainder when 28 is divided by l.
4
Let w be (-7)/56 + (-51)/(-24). Calculate the remainder when (-2)/w - 4*-19 is divided by 13.
10
Suppose -18750 = -3848*o + 3698*o. Calculate the remainder when 1744 is divided by o.
119
Suppose -34*k + 49*k - 4365 = 0. Calculate the remainder when k is divided by 79.
54
Let v = 10380 + -10079. Calculate the remainder when v is divided by 102.
97
Let c(x) = -11*x**2 + 25*x - 12. Let h(z) = 45*z**2 - 101*z + 51. Let q(k) = -9*c(k) - 2*h(k). What is the remainder when 69 is divided by q(3)?
15
Let s be -24*(-1)/10 - (-4)/(-10). Suppose -6 = -s*z + 2. Suppose -5*l = -2*k - 2*k - 116, z*k = 4*l - 96. What is the remainder when l is divided by 13?
7
Suppose 623 + 536 = 4*q - 5*r, 878 = 3*q + 5*r. Calculate the remainder when q is divided by 110.
71
Let q be (-1)/4 + (-7)/4. Calculate the remainder when (15 - 15 - -219) + (-28 - -17) is divided by -1*2 + (q - -19).
13
Suppose -2*k + 3*n + 69 = 0, 4*k + 2*n + 29 - 127 = 0. What is the remainder when 104 is divided by k?
23
Let d = -906 + 919. Calculate the remainder when 263 is divided by d.
3
Suppose 4*j = 3*r + 530, 6*r - r = -5*j + 680. Calculate the remainder when 1874 is divided by j.
132
Let y be (11/(44/24))/(2 + 0). Let m be (2 - (y - 2))*(7 - 4). Calculate the remainder when m/(-1)*(-204)/36 is divided by 11.
6
Suppose 0 = 5*k + 20, 340 - 212 = 4*n - 2*k. Calculate the remainder when 684 is divided by n.
24
Let h be 392/22 - (-2)/11. Suppose -5*c = f - 28, -c + h = 3*c + 3*f. Suppose 0 = -x + 4, -3*j + 104 = 2*x + c. What is the remainder when 117 is divided by j?
27
Let i be -9 + 4 - (-5)/1. Suppose -3*b - 2*l = -269, i*b = -2*b + 3*l + 162. Calculate the remainder when b is divided by 6*4 + 2/(-1).
21
Suppose 22418 + 22780 = 3796*n + 2642 - 6792. Let t(x) = -x**3 - 10*x - 7. Calculate the remainder when t(-6) is divided by n.
9
Let z(x) = -x**2 + 13*x - 2. Let r(p) = -p**3 + p**2 + 2. Let w be r(2). What is the remainder when 6/(w + 14/6) is divided by z(12)?
8
Suppose -2*j - 433*g = -430*g - 111, g + 205 = 3*j. What is the remainder when 3826 is divided by j?
64
Suppose -26*t - 32 = -30*t. Let y be 34/4 - (-11)/(-22). Calculate the remainder when 1/2 - (-220)/y is divided by t.
4
Let x be 5/(-30)*3*(-2)/(-1). Suppose -4*f = -19 + 39. What is the remainder when 4 is divided by 0 + (f + (-2)/x)*-1?
1
Let c = -259 + 721. Let h = 109 - 80. Calculate the remainder when c is divided by h.
27
Let o = -1 + 1. Suppose x - q = 8, o*x - 2*q = 2*x. Suppose -k - 4*t = -25 - 15, -2*k + t + 8 = 0. Calculate the remainder when k is divided by x.
0
Suppose p - 235 = 5*r, -3*r - 3*p - p = 164. Calculate the remainder when (r/54)/(-4) + 320/18 is divided by 5.
3
Let g = 185 + -171. Suppose g*s + 170 = 19*s. Calculate the remainder when 130 is divided by s.
28
Suppose 22370 = 5*l - 5*t, 4*t + 22342 = 5*l + 6*t. Suppose -45*x + l = -35*x. Calculate the remainder when x is divided by 113.
108
Suppose 2*w = -1 + 11. Suppose -w*x = -12 - 38. Let i = 2575 - 2558. Calculate the remainder when i is divided by x.
7
Suppose 5*d = -4*v + 616, -2*v + 246 = 2*d - 0*v. What is the remainder when 315 is divided by -3 - 8*(5 + d/(-8))?
72
Let t be (-69)/(-21) + 2/(-7). Let d = 1024 + -1021. Suppose -i - d*r + 216 = 0, -t*i - 2*r + 894 = i. Calculate the remainder when i is divided by 19.
16
Let b = -27887 + 27923. What is the remainder when 1656 is divided by b?
0
Suppose y - 21 = v, -y - 4*v = -v - 1. Suppose y*b - 156 = 4*b. Calculate the remainder when 50 is divided by b.
11
Suppose -76 = -0*x - 4*x. Let i(d) = -113*d**3 - 2*d**2 + 2*d + 2. Let h = 11 + -12. What is the remainder when i(h) is divided by x?
16
Let a(g) = -390*g - 573. What is the remainder when a(-4) is divided by 45?
42
Suppose 0*g = 9*g + 2178. Let r = g + 284. Calculate the remainder when r is divided by 17.
8
Suppose -3*f - y + 64 = -2*y, -2*f - 2*y + 56 = 0. Let x = -1790 - -1796. Calculate the remainder when f is divided by x.
5
Let k be 148/(-6) + 4/6. Let j = -6 - k. What is the remainder when j is divided by (2 - -1) + (-9 + -7)/(-4)?
4
Let x = 63 + -55. Let v be (4 - 54) + x/2. Let u = v + 104. What is the remainder when u is divided by 15?
13
Suppose -7*x + 2*j = -4612, -8*j = 5*x - 4*j - 3316. Calculate the remainder when x is divided by 39.
36
Let u(a) = a**3 + 7*a**2 - 2*a - 3. Suppose g = -61 + 8. Let f = 76 + g. Calculate the remainder when u(-6) is divided by f.
22
Let b(m) = -27*m**2 + 2*m + 14. Let o be b(-4). Let i = o - -676. What is the remainder when i is divided by 9?
7
Let k(w) be the third derivative of w**6/120 + 5*w**4/12 + w**3/2 - 3*w**2. What is the remainder when k(5) is divided by 62?
54
Suppose -v = -4*c - 368, 4*c - 8*c = 2*v - 676. Let z = v + -329. Calculate the remainder when 188 is divided by z.
17
Suppose 10791 = 137*s - 126*s. What is the remainder when s is divided by 256?
213
Suppose -3*s = -z - 4831, -5*s = -s - 4*z - 6452. What is the remainder when s is divided by 9?
7
Let l(h) = 2166*h - 4510. What is the remainder when l(3) is divided by 124?
4
Suppose -w = -0 - 2. Let s be (-1715)/(-70) - (-1)/2. Suppose -a - 4*z = -s, w*a - 28 = 3*z - 0*z. What is the remainder when 43 is divided by a?
9
Let y(p) = 2*p**3 - 2*p**2 - p - 1. Let s be y(2). Let n(q) = -13*q + 5 - 2*q + 16*q + q**2. What is the remainder when 137 is divided by n(s)?
32
Let v = -3241 + 3376. What is the remainder when 265 is divided by v?
130
Suppose 0 = 2*o + 4*d - 9648, 4 = 9*d - 11*d. Calculate the remainder when o is divided by 6.
4
Suppose -5*c - 3*y = -24, c + 2*y - 3 = 2*c. Let h be -2 - (-3 - (c - 2)). Suppose -h*t + 81 = 19. Calculate the remainder when t is divided by 17.
14
Calculate the remainder when -4 - ((-335 - -8) + (9 - 2) - 6) is divided by 82.
76
Let j(k) = 2*k**2 - 56*k + 69. Calculate the remainder when j(28) is divided by 53.
16
Suppose 2*k = 3*k - 100. Suppose -146*v + 16 = -144*v. Suppose 0 = -4*u + v*u - 2*x - 114, 0 = 5*x + 25. What is the remainder when k is divided by u?
22
Calculate the remainder when 1725 is divided by (22 - 42)*36/(-15).
45
What is the remainder when (1 - -6 - 1444/228) + 76100/6 is divided by 215?
214
Suppose 33*k - 10380 = 10